4 - (14 - -44))
-42
Calculate 59 - (29 + -19 - 26) - 22.
53
What is -6 + (-162 + 119 - (-3 - 13)) + -1 + 4?
-30
-46 + 0 + -13828 + 13778
-96
Calculate 1 - (2 + 45 + (2 - (5 + 6 + 1))).
-36
Evaluate 14 + (-43 - (-24 + -64)).
59
Calculate -5 - (-13 + 14 + (-3 - -2) + -3 + -3).
1
Evaluate 3 - 23 - (20 - 3).
-37
What is the value of 111 - (47 + (-8 - -19))?
53
Calculate -3 - 95 - (1 + -28 + 49).
-120
1 - -10 - (88 + (17 - -2) - 46)
-50
What is (-156 + -178 - -104) + 95?
-135
(-103 - -68) + -1 + 2 - -21 - 33
-46
Calculate 2 + -45 + (29 - -13) + -33.
-34
Calculate (32 - -2) + (29 - (38 + -49) - 25).
49
(0 - 16) + (-19 - 2) + 9 + 7
-21
What is -6 + 4 + -8 - ((-100 - -85) + (-1 - -12))?
-6
189 + -116 - (117 - 2)
-42
What is -33 - -41 - (23 + -24 + 15)?
-6
What is the value of 90 + 3 + (-246 - -171)?
18
Calculate -11 - (-23 + 10 - -41 - 16).
-23
9 + -5 + (-40 - -31) + (1 - (0 + 5))
-9
(-28 - (-7 + -4 + -3) - -31) + -2 + 12
27
(37 - 22 - 4 - 48) + -18
-55
1695 + -1689 + -2 + 85
89
What is the value of (0 - 31) + (0 + (85 - 38) - 39)?
-23
Calculate (-21 + -42 + 7 - -11) + 4 - -13.
-28
What is the value of 4 + 9 + -7 + 2 - (-10 + -2 - 17)?
37
Evaluate (18 - (-27 + (12 - -9))) + -42.
-18
Evaluate (-15 - ((14 - 20) + -12) - (0 - 6)) + 110.
119
Calculate 24 + -39 + (33 - 30).
-12
Calculate 6 + -3 + (58 - 41 - (8 - -13)).
-1
0 - (7 + -4 + (17 - 11) + -74)
65
Calculate 480 + -420 + -10 + -38.
12
Evaluate -2413 + 2339 - (1 - 95).
20
Evaluate (-7 - (60 + -29)) + 16.
-22
Calculate -52 + (-4 - (23 - 18) - -16).
-45
What is the value of -56 + -1 + -704 + 758?
-3
What is the value of 1 + 11 + (-184 - (190 - 402))?
40
Calculate -316 + 293 - (3 + 1 + -3 - 9).
-15
What is the value of 1037 + -1033 - (0 - (-3 - 19))?
-18
What is the value of (-69 - (-18 - (2 + 15))) + 79?
45
What is (2 - 1) + -45 - (-7811 - -7893)?
-126
Evaluate -7 + 16 + -17 + 4 + 3.
-1
(-2 - (56 + -3 + 0)) + (-105 + 77 - -29)
-54
What is the value of 99 + -183 + 89 - 97?
-92
Evaluate (6 - -26) + (-19 - (-2 - 11)) + 9.
35
(-3 - ((2 - -26) + 6 + 17 + -6)) + 6
-42
Evaluate 6 - 5 - (1 + 1) - (-1450 + 1446) - 62.
-59
Evaluate 3 + (17 + -9 - 9) + -2 + 3 + -37.
-34
(-10 - ((20 - 12) + -16)) + -23 + -2 + 4
-23
(-1593 - -1731) + (-123 - -4)
19
What is the value of -56 + 8 + 33 + 75 + -8?
52
What is the value of 50 - (-32 + (11 - -20) - -23)?
28
Calculate -14 + (22 + -10 - -6) + -34 + -4.
-34
Evaluate 0 + -60 - (-20 - -51 - 48).
-43
Evaluate 33 + -37 + -3 - -54.
47
What is -136 + -14 + 140 - (0 + 30)?
-40
Calculate 24 - ((13 - 26) + -28) - 28.
37
-46 + (-13 + -15 + 22 - -19)
-33
Evaluate (0 - -12 - (0 + 10 + 16)) + -40.
-54
What is 78 + (-9 - -64) + -144?
-11
Evaluate 21 + -19 + -149 + 82.
-65
What is (-7 - 4 - 14) + 0?
-25
Evaluate 22 + (32 + (2 - -4) - 23).
37
What is the value of (3 - (-1 + 2)) + 43 + -15 + 18 + 7?
55
What is the value of (-62 - -20) + (-50 + 122 - 3)?
27
Calculate -53 - -115 - ((-10 - -20) + -1).
53
Evaluate -19430 + 19445 + (1 - 50 - 1).
-35
What is the value of (40 - 44) + 40 + -6?
30
0 + (12 - (4 - (7 - 5)))
10
What is (101 - 86) + (0 - -17) - 0?
32
What is -2 - (0 - 11) - (29808 - 29645)?
-154
Evaluate -453 + 565 - (-3 - (-35 + 4)).
84
6 + -80 + -90 + 124
-40
What is the value of 119 - (-20 + 132 + -61)?
68
What is the value of -3 + 1 + (5 - 0) + 87 + -49?
41
What is -1 + 84 - (-26 + 82 + -30)?
57
(51 - (1 - 1)) + -90 + 125 + -33
53
What is (-116 - -55 - -10) + 91?
40
Evaluate -6 + 1 + (11 + 7 + -8 - -4).
9
Evaluate 22 + 5 + -16 + (-18 - 4).
-11
Calculate -2 - (25 - (-10 + 1 + -1 - (1088 + -1091))).
-34
Evaluate (-49 - (42 - (102 + -26))) + (2 - -4).
-9
What is 43 + -112 + (6 - 4 - -11) + 1 + 5?
-50
What is (59 - 120) + 53 - (26 - (-2 - 0))?
-36
Calculate 12 + (-85 - (-25 + 0 + 1)).
-49
-19 - (1 + -15 + -7 + (-93 - -2))
93
(36 - 24) + (-16 - -7) + (-5 - (27 + -5))
-24
Calculate 20 + 14 + 28 + -3.
59
What is -32 - 1 - (17 - -15 - 31 - 7)?
-27
Evaluate (81 - (-18 + 36)) + -20.
43
What is -4 - (-7 + (14 - 14) + (-5 - -20))?
-12
Calculate -77 + 1 + 0 + -121 + 131 + 4 + -1.
-63
Evaluate (-10 - 2 - 2) + -38 + 21 - (-12 + 15).
-34
Evaluate 0 + 1 + -1 + (-163 - -75) + 135.
47
-38 + 38 + 25 + -8 + (-13 - 1)
3
What is the value of -45 - -99 - -1 - 47?
8
What is (-2 - -6 - -1) + (7 - 47) + 23?
-12
Calculate (24 - 3) + 68 + -40.
49
What is -5 - (4 - -1) - (467 + -500) - -1?
24
73 + -17 + -89 + 46
13
What is -71 + 36 - (0 + -6 - (26 - 35))?
-38
Calculate ((9 - 5 - -7) + -6 - 15) + 2.
-8
Evaluate (233 - (0 + 114)) + -150.
-31
What is (64 - -70) + -2 - (10 + 0)?
122
What is the value of 0 + 8 + -19 + (22 - 58 - -52)?
5
What is -13 + -1 - (-59 + 74 + -66) - -22?
59
Evaluate -25 + (-48 + 33 - -3) + 20.
-17
Evaluate -2 + 46 + (4 - 2) - (-20 + 23 + -12).
55
What is 29 + 46 + (25 - 52)?
48
What is 46 + -121 + 54 - 18?
-39
Evaluate (-11 - 61) + 90 + -103.
-85
What is (9 - -3) + -38 + 16 - 40?
-50
Calculate 0 + (15 - -48) + -84.
-21
What is the value of -13 - (29 + (3 - ((-2 - 8) + 23)))?
-32
Calculate (1 - -40) + 4 + -2 + -29 + 8 + 12.
34
Evaluate (-9 + 9 + -1 - -4) + 2 + -5 + 3.
3
What is the value of -20 + (22 - 13) + 2 + 1 + 13 + -1?
4
What is (-3198 - -3160) + 60 + 2?
24
What is (-77 - (-1 - 33 - (-323 - -304))) + -21?
-83
Calculate (0 - -11) + -22 + 22 + (-38 - -94).
67
Evaluate -42 - ((-28 - -17) + 39 + 2).
-72
1 + 1 + (-681 - -660) + -28
-47
What is the value of 11 - ((9 - 1) + 67 + -227 + 35)?
128
What is the value of 0 + -93 - (-13842 + 13836)?
-87
Calculate 7 - -1 - (-33 - (-32 - -22)).
31
(-27 - (3 - 7)) + -27 - -29
-21
(32 - (71 + 24)) + (0 - -2) + 5
-56
What is -3 + 9 + -49 + 32 - (-2 + -123 + 0)?
114
-2 + 10 - (7 + -1 - (-31 - (-56 + 26)))
1
Evaluate 454 + -411 + -3 + -9.
31
Calculate 9 + 2 - ((12 - (0 + 4)) + 44).
-41
Evaluate (-38 - (16 - 2 - -2)) + 12.
-42
Calculate (-54 - (36 - 105)) + 0 + -59.
-44
Calculate (-17 - (3 + -36 + 27)) + -101.
-112
Calculate -3 - (12 + 22 + -12 + 6 + -4).
-27
What is 59 + (87 - 62) + -40?
44
What is the value of -6 + 71 - (5 - (2 - 2) - (-14 + 10))?
56
What is (-36 - -11 - -17) + -19 - 2?
-29
What is (6 - (15 - (-13 + 0 + 25))) + -31?
-28
-43 - -72 - 33 - (-48 - -48)
-4
What is (5 + -5 - 67) + (-11 - 4 - -11)?
-71
Evaluate -13 + 2 + (-43 - -117 - 13).
50
0 + 47 + -9 + -75 - -77
40
What is the value of (70 - 94 - -169) + -83?
62
What is -7 + (-17 - (18 + -24)) - -67?
49
Evaluate (14 - -5 - 1 - 3) + (6 - (12 + -119)).
128
-10 + 19 + -7 + -4 + 4 - 9 - 27
-34
Calculate -7 + (79 - 35) + -24 - -56.
69
15 - (80 + -39 - 38) - (-86 + 0)
98
22 - (-16 + (13 + 9 - 10) + 1)
25
-18 + 20 + -8 + (-5 + 9 - 44)
-46
What is the value of -90 + (3 - -28) + -6 + (-5 - 3)?
-73
(0 - (-14 - -32)) + (-26 - -4)
-40
What is the value of (5 - -1) + 1 + -18 + 39 + -16 + 1?
13
(-53 + 97 - 70) + 32
6
What is the value of 25 + -37 + -5 + 17 - (-19 + 1 + -1)?
19
What is (17 - 36) + 22 - (1 + 1 + -5)?
6
What is the value of (-26 - -2) + -12 + 2 + (5 - 6)?
-35
What is (-20 + (-7 - -20) - (6 + -16 + 65)) + 7?
-55
What is the value of 18 + -15 + (2 - 1 - (-13 + 3)) + -1?
13
Evaluate (2 + 0 - -13 - (-163 + 79 + 97)) + -88.
-86
7 + (51 - (-10 + 31)) + -38
-1
What is (-6 - (1 - 5)) + -28 + 5 + 8 - 4?
-21
Calculate -32 - (-57 - (-16 + 18)) - 38.
-11
(-3 - -10) + 66 + (-9 - 6)
58
What is 25 - (17 - -19) - (-3 - -3) - 64?
-75
What is the value of -14 - (-17 - (26 + -19)) - (1 - -46)?
-37
Evaluate -118 - 6 - -136 - (0 - 17).
29
Evaluate -7 - (3 - 23) - (0 + -2) - 53.
-38
Calculate 90 - 5 - ((90 - 1) + -80).
76
-21 - (6 + -19 + 12 - 19)
-1
What is (57 - 116 - -107) + -8 + -1?
39
What is (-1 - -24) + (2 + 3 + 5 - (44 - 41))?
30
Calculate 2 + -76 + -3179 + 3173.
-80
Evaluate -50 + (105 - (21 - -11)).
23
(-76 - -82 - 88) + 10
-72
What is the value of 8 + (0 + -3 + -6 - (2 + 1))?
-4
What is -51 - (-62 + 30) - -40?
21
Calculate (-13 - 16) + 35 - 49.
-43
32 + (61 - 20) - 59 - (1 - -84)
-71
What is -41 + (8 - 1) + 29 + -41 + 30 + -20?
-36
What is the value of -120 - (-22 + -104 + 116)?
-110
What is (161 - 88) + -121 - (-2 - 3 - 4)?
-39
What is (66 - 37) + -24 - ((3 - 0) + (-7 - 5))?
14
Calculate -14 - (-72 - (-88 - -44)).
14
(0 - 4) + 7 - 7 - 6 - (-101 - -17)
74
Evaluate -13 + -10 + 0 + 30 + -11 + (32 - 0).
28
Evaluate 23 + (24 - 27) + 5 - 58.
-33
What is 3 + (21 - (19 + -32))?
37
What is the value of 13 + 2